 27660152647 a prime number?
True
Is 25934753083 composite?
True
Is 347679953 a prime number?
False
Is 1331440729 composite?
False
Is 19418579 prime?
True
Is 678562187 prime?
True
Is 5086617169 composite?
False
Is 83232049 a composite number?
True
Is 166175369 a composite number?
True
Is 183226541 prime?
True
Is 854484065 prime?
False
Is 11499238019 a composite number?
False
Is 16674207629 prime?
False
Is 110990435041 a composite number?
False
Is 1427577883 a composite number?
False
Is 796758887 a prime number?
True
Is 140754152563 a composite number?
True
Is 257798051 a composite number?
True
Is 1060393262 composite?
True
Is 3645281557 composite?
False
Is 49552229789 a composite number?
False
Is 806529767 composite?
False
Is 1312345994 composite?
True
Is 3971888983 composite?
False
Is 1473677407 composite?
False
Is 9090854849 a prime number?
False
Is 35076362831 composite?
False
Is 87082718017 a composite number?
False
Is 815276291 prime?
False
Is 245847323 prime?
False
Is 807747221 a prime number?
True
Is 664607059 composite?
False
Is 3179079679 a prime number?
False
Is 55799273 a prime number?
True
Is 20886053609 composite?
False
Is 587077399 prime?
False
Is 801224911 a composite number?
True
Is 93285786533 a prime number?
True
Is 1694604679 a prime number?
True
Is 35943407081 a prime number?
True
Is 560850427 prime?
True
Is 729993298 a prime number?
False
Is 455706721 a composite number?
True
Is 1692613057 a prime number?
False
Is 60465503 prime?
False
Is 9557101997 a prime number?
True
Is 18239108221 a prime number?
False
Is 3783278861 prime?
False
Is 1327354333 composite?
True
Is 293257885 prime?
False
Is 14480122637 a composite number?
False
Is 6036066067 composite?
True
Is 69915858538 a prime number?
False
Is 9801532817 composite?
False
Is 7948206983 prime?
True
Is 98943581497 prime?
False
Is 95731843327 prime?
False
Is 3195171977 composite?
False
Is 1814592233 a composite number?
True
Is 24071444833 prime?
False
Is 22396132727 a composite number?
False
Is 18224226689 composite?
True
Is 101639495 a composite number?
True
Is 25967715887 prime?
True
Is 38558687627 a prime number?
True
Is 22779409787 prime?
True
Is 269426607127 composite?
False
Is 3564342843 a composite number?
True
Is 48443987 prime?
True
Is 7620691193 a prime number?
True
Is 10394044435 a composite number?
True
Is 792908429 a composite number?
False
Is 5892867269 a prime number?
False
Is 850381121 a composite number?
False
Is 1847854653 a prime number?
False
Is 2852083477 composite?
True
Is 152689633 prime?
True
Is 4670291557 prime?
True
Is 34161835987 a composite number?
False
Is 83027251 a prime number?
True
Is 2181404243 prime?
False
Is 3016174439 prime?
False
Is 47961524453 prime?
True
Is 184061221 a prime number?
False
Is 3613301369 a prime number?
True
Is 4118822913 a prime number?
False
Is 225794215 a composite number?
True
Is 42462464039 composite?
False
Is 12323925563 a composite number?
True
Is 7735498879 prime?
False
Is 273672617 a composite number?
True
Is 190726070339 a composite number?
True
Is 23916782797 a composite number?
False
Is 1994908691 prime?
True
Is 217645898839 a composite number?
False
Is 776110889 prime?
False
Is 13997896099 prime?
False
Is 4768806233 composite?
True
Is 4379729537 a composite number?
True
Is 67930319 a prime number?
True
Is 33252039571 composite?
False
Is 2533647667 a composite number?
False
Is 24738371129 composite?
False
Is 2499014582 a composite number?
True
Is 20184864251 a prime number?
True
Is 146990777397 a prime number?
False
Is 7014101957 a composite number?
True
Is 127825746721 prime?
False
Is 1218253646 prime?
False
Is 39924977107 prime?
False
Is 550513085 a prime number?
False
Is 9998786557 a composite number?
False
Is 17866428053 a composite number?
False
Is 6888365101 composite?
False
Is 333922193 composite?
True
Is 2861392867 composite?
False
Is 192827317 a prime number?
True
Is 1879610297 a prime number?
False
Is 1000366259 composite?
False
Is 2260603561 composite?
False
Is 75553900579 composite?
True
Is 41140125431 composite?
False
Is 9951181039 prime?
True
Is 86267383 prime?
True
Is 3491534729 composite?
False
Is 355331558215 composite?
True
Is 17714771 composite?
False
Is 2365279347 prime?
False
Is 8408951081 a prime number?
True
Is 90354791 composite?
False
Is 185682241 a prime number?
False
Is 586131503 prime?
True
Is 747072031 prime?
True
Is 73481398909 a composite number?
False
Is 4974073073 a prime number?
True
Is 230861109211 a prime number?
True
Is 747331555 a prime number?
False
Is 3424486049 a prime number?
False
Is 476581067 a composite number?
False
Is 10025016383 prime?
True
Is 260228383 a composite number?
False
Is 3354543629 composite?
True
Is 12939873041 a prime number?
False
Is 6207424853 a prime number?
False
Is 100690711195 prime?
False
Is 930786947 prime?
False
Is 7904723131 composite?
False
Is 1246794319 a prime number?
True
Is 32538895573 composite?
True
Is 598597543 a composite number?
True
Is 10447859138 prime?
False
Is 237792667 a prime number?
False
Is 1182536387 prime?
True
Is 994943739 composite?
True
Is 167863181 a prime number?
True
Is 8150853493 composite?
True
Is 2882047613 prime?
True
Is 906801107 prime?
True
Is 52386131986 a composite number?
True
Is 10040900497 composite?
True
Is 768533531 prime?
True
Is 46026222131 a composite number?
False
Is 5036523413 prime?
True
Is 4536207199 composite?
False
Is 101664538247 prime?
False
Is 14483189921 a composite number?
False
Is 18123757681 a prime number?
False
Is 53239796531 a prime number?
True
Is 45756241 composite?
False
Is 2037095191 a prime number?
True
Is 988400617 a prime number?
True
Is 217681799 prime?
True
Is 759680539 prime?
True
Is 88754759 a prime number?
True
Is 12439000859 a prime number?
False
Is 68739484505 a composite number?
True
Is 2255633269 composite?
False
Is 1754506361 a composite number?
True
Is 8680533019 composite?
False
Is 292021901 a prime number?
False
Is 46425965647 a prime number?
False
Is 6542569217 composite?
False
Is 15176764831 a prime number?
True
Is 11988167603 a composite number?
True
Is 35683267915 composite?
True
Is 1190467751 a prime number?
False
Is 1337662334 a prime number?
False
Is 336488842 a composite number?
True
Is 289321442 a prime number?
False
Is 73858732063 a prime number?
False
Is 34707413929 prime?
True
Is 32892985513 prime?
True
Is 1309163035 composite?
True
Is 789406133 a prime number?
False
Is 2172329606 prime?
False
Is 27837483497 prime?
False
Is 12245335477 prime?
True
Is 26338698707 a prime number?
True
Is 17213879873 composite?
True
Is 95298567737 a composite number?
False
Is 1813508231 composite?
False
Is 1650962053 a composite number?
True
Is 30762720169 a prime number?
True
Is 2156825821 composite?
False
Is 5397866581 a prime number?
True
Is 521305313 composite?
False
Is 1024249559 a composite number?
True
Is 2187455353 prime?
True
Is 861951809 composite?
False
Is 13096744943 a composite number?
False
Is 95999589659 a prime number?
True
Is 2088293183 a prime number?
False
Is 203410303 composite?
True
Is 1286935219 composite?
True
Is 1582637569 prime?
True
Is 1463111099 composite?
True
Is 2001536431 prime?
True
Is 12730335589 a prime number?
True
Is 12593917285 prime?
False
Is 120458167081 prime?
False
Is 764055965 prime?
False
Is 3215460667 a prime number?
True
Is 7074244213 prime?
True
Is 189614363 a prime number?
True
Is 3457346849 a composite number?
True
Is 138927157 prime?
False
Is 12822783499 a composite number?
True
Is 4519128235 a composite number?
True
Is 66889609 prime?
False
Is 497520823 a composite number?
True
Is 6413516429 prime?
False
Is 16522104679 a composite number?
False
Is 832016273 a prime number?
False
Is 8142042799 a prime number?
False
Is 98019821267 composite?
True
Is 1303351727 a prime number?
False
Is 1283227683 composite?
True
Is 424061069 a composite number?
True
Is 2227064569 a prime number?
True
Is 1585520583 a composite number?
True
Is 3330650459 a composite number?
True
Is 160156323241 composite?
False
Is 13205429249 prime?
False
Is 5574126119 prime?
True
Is 33380263133 composite?
True
Is 792508729 a prime number?
True
Is 1830474433 a prime number?
True
Is 354919549 prime?
False
Is 1829027227 a composite number?
True
Is 982011023